{"id":4869,"date":"2014-02-04T21:18:59","date_gmt":"2014-02-04T21:18:59","guid":{"rendered":"http:\/\/milano-sanremo.org\/?page_id=4869"},"modified":"2025-05-27T10:50:57","modified_gmt":"2025-05-27T10:50:57","slug":"bagages","status":"publish","type":"page","link":"https:\/\/milano-sanremo.org\/fr\/voyager\/transport-4\/bagages\/","title":{"rendered":"Bagages"},"content":{"rendered":"<h2>Notre objectif est de nous charger de tous les d\u00e9tails du voyage, y compris le transport des bagages entre Milan et San Remo, afin que vous puissiez vous concentrer sur la comp\u00e9tition.<\/h2>\n<p>L&rsquo;organisation propose un service de transport des bagages entre Milan et San Remo, avec les caract\u00e9ristiques suivantes.<\/p>\n<p>&nbsp;<\/p>\n<div>\n<table style=\"width: 100%;\">\n<thead>\n<tr>\n<th style=\"width: 25%;\">Bagage<\/th>\n<th style=\"width: 25%;\">entre<\/th>\n<th style=\"width: 25%;\">et<\/th>\n<th style=\"width: 25%;\">Tarif<\/th>\n<\/tr>\n<\/thead>\n<tbody>\n<tr>\n<td>Sac \u00e0 dos<\/td>\n<td>Lieu de d\u00e9part (Milan<span style=\"font-size: inherit; font-family: inherit;\">)<\/span><\/td>\n<td>Palafiori (San Remo)<\/td>\n<td style=\"text-align: center;\">gratuit<\/td>\n<\/tr>\n<tr>\n<td>Sac de transport de v\u00e9lo vide<\/td>\n<td>H\u00f4tel affili\u00e9 (Milan<span style=\"font-size: inherit; font-family: inherit;\">)<\/span><\/td>\n<td>H\u00f4tel affili\u00e9 (San Remo)<\/td>\n<td style=\"text-align: center;\">20,00 \u20ac<\/td>\n<\/tr>\n<tr>\n<td>Valise<\/td>\n<td>H\u00f4tel affili\u00e9 (Milan<span style=\"font-size: inherit; font-family: inherit;\">)<\/span><\/td>\n<td>H\u00f4tel affili\u00e9 (San Remo)<\/td>\n<td style=\"text-align: center;\">20,00 \u20ac<\/td>\n<\/tr>\n<\/tbody>\n<\/table>\n<\/div>\n<p>&nbsp;<\/p>\n<h4>&nbsp;<\/h4>\n<h4>SACS \u00c0 DOS ET PETITS SACS<\/h4>\n<p>Les sacs \u00e0 dos et petits sacs contenant le n\u00e9cessaire pour prendre une douche ou se changer seront transport\u00e9s gratuitement et devront exclusivement \u00eatre apport\u00e9s au bus de l&rsquo;organisation situ\u00e9 pr\u00e8s du point de d\u00e9part \u00e0 6h30 le dimanche.<\/p>\n<h4>POLITIQUE DE RESERVATION<\/h4>\n<p>Vous etes pri\u00e9 de lire la politique de r\u00e9servation relative aux sacs et aux sacs pour v\u00e9los vides \u00e0 <a href=\"https:\/\/milano-sanremo.org\/fr\/politique-de-reservation\/\" target=\"_blank\" rel=\"noopener\">cette page<\/a>.<\/p>\n<h4>RESPONSABILIT\u00c9<\/h4>\n<p>Tout bagage voyage au risque de son propri\u00e9taire. L&rsquo;organisation ne sera pas tenue responsable des \u00e9ventuels dommages ou pertes.<\/p>\n<h4>OBJETS DE VALEUR<\/h4>\n<p>Nous vous conseillons de ne pas mettre d&rsquo;objets de valeur, d&rsquo;argent ou de documents d&rsquo;identit\u00e9 dans vos sacs.<\/p>\n<h4>ASSURANCE<\/h4>\n<p>Si vous le souhaitez, vous pouvez contracter une assurance de voyage avec une assurance bagages suppl\u00e9mentaire, d&rsquo;une valeur maximum de 500, 1000 ou 1500 euros.<\/p>\n<p>&nbsp;<\/p>\n<div>&nbsp;<\/div>\n<p>&nbsp;<\/p>\n","protected":false},"excerpt":{"rendered":"<p>Notre objectif est de nous charger de tous les d\u00e9tails du voyage, y compris le transport des bagages entre Milan et San Remo, afin que vous puissiez vous concentrer sur la comp\u00e9tition. L&rsquo;organisation propose un service de transport des bagages entre Milan et San Remo, avec les caract\u00e9ristiques suivantes. &nbsp; Bagage entre et Tarif Sac [&hellip;]<\/p>\n","protected":false},"author":1,"featured_media":0,"parent":2602,"menu_order":0,"comment_status":"closed","ping_status":"closed","template":"","meta":{"_et_pb_use_builder":"","_et_pb_old_content":"","_et_gb_content_width":"","ngg_post_thumbnail":0,"footnotes":""},"class_list":["post-4869","page","type-page","status-publish","hentry"],"yoast_head":"<!-- This site is optimized with the Yoast SEO plugin v27.4 - https:\/\/yoast.com\/product\/yoast-seo-wordpress\/ -->\n<title>Bagages | MILANO SANREMO AMATORI | MILAN SANREMO AMATEURS | 7 JUIN 2026 | SITE OFFICIEL<\/title>\n<meta name=\"description\" content=\"Bagages\" \/>\n<meta name=\"robots\" content=\"index, follow, max-snippet:-1, max-image-preview:large, max-video-preview:-1\" \/>\n<link rel=\"canonical\" href=\"https:\/\/milano-sanremo.org\/fr\/voyager\/transport-4\/bagages\/\" \/>\n<meta property=\"og:locale\" content=\"fr_FR\" \/>\n<meta property=\"og:type\" content=\"article\" \/>\n<meta property=\"og:title\" content=\"Bagages | MILANO SANREMO AMATORI | MILAN SANREMO AMATEURS | 7 JUIN 2026 | SITE OFFICIEL\" \/>\n<meta property=\"og:description\" content=\"Bagages\" \/>\n<meta property=\"og:url\" content=\"https:\/\/milano-sanremo.org\/fr\/voyager\/transport-4\/bagages\/\" \/>\n<meta property=\"og:site_name\" content=\"MILANO SANREMO AMATORI\" \/>\n<meta property=\"article:modified_time\" content=\"2025-05-27T10:50:57+00:00\" \/>\n<meta name=\"twitter:card\" content=\"summary_large_image\" \/>\n<meta name=\"twitter:label1\" content=\"Dur\u00e9e de lecture estim\u00e9e\" \/>\n\t<meta name=\"twitter:data1\" content=\"2 minutes\" \/>\n<script type=\"application\/ld+json\" class=\"yoast-schema-graph\">{\"@context\":\"https:\\\/\\\/schema.org\",\"@graph\":[{\"@type\":\"WebPage\",\"@id\":\"https:\\\/\\\/milano-sanremo.org\\\/fr\\\/voyager\\\/transport-4\\\/bagages\\\/\",\"url\":\"https:\\\/\\\/milano-sanremo.org\\\/fr\\\/voyager\\\/transport-4\\\/bagages\\\/\",\"name\":\"Bagages | MILANO SANREMO AMATORI | MILAN SANREMO AMATEURS | 7 JUIN 2026 | SITE OFFICIEL\",\"isPartOf\":{\"@id\":\"https:\\\/\\\/milano-sanremo.org\\\/fr\\\/#website\"},\"datePublished\":\"2014-02-04T21:18:59+00:00\",\"dateModified\":\"2025-05-27T10:50:57+00:00\",\"description\":\"Bagages\",\"breadcrumb\":{\"@id\":\"https:\\\/\\\/milano-sanremo.org\\\/fr\\\/voyager\\\/transport-4\\\/bagages\\\/#breadcrumb\"},\"inLanguage\":\"fr-FR\",\"potentialAction\":[{\"@type\":\"ReadAction\",\"target\":[\"https:\\\/\\\/milano-sanremo.org\\\/fr\\\/voyager\\\/transport-4\\\/bagages\\\/\"]}]},{\"@type\":\"BreadcrumbList\",\"@id\":\"https:\\\/\\\/milano-sanremo.org\\\/fr\\\/voyager\\\/transport-4\\\/bagages\\\/#breadcrumb\",\"itemListElement\":[{\"@type\":\"ListItem\",\"position\":1,\"name\":\"Home\",\"item\":\"https:\\\/\\\/milano-sanremo.org\\\/fr\\\/\"},{\"@type\":\"ListItem\",\"position\":2,\"name\":\"VOYAGE\",\"item\":\"https:\\\/\\\/milano-sanremo.org\\\/fr\\\/viaggio\\\/\"},{\"@type\":\"ListItem\",\"position\":3,\"name\":\"TRANSPORT\",\"item\":\"https:\\\/\\\/milano-sanremo.org\\\/fr\\\/voyager\\\/transport-4\\\/\"},{\"@type\":\"ListItem\",\"position\":4,\"name\":\"Bagages\"}]},{\"@type\":\"WebSite\",\"@id\":\"https:\\\/\\\/milano-sanremo.org\\\/fr\\\/#website\",\"url\":\"https:\\\/\\\/milano-sanremo.org\\\/fr\\\/\",\"name\":\"MILANO SANREMO AMATORI\",\"description\":\"MILAN SANREMO AMATEURS | 7 JUIN 2026 | SITE OFFICIEL\",\"potentialAction\":[{\"@type\":\"SearchAction\",\"target\":{\"@type\":\"EntryPoint\",\"urlTemplate\":\"https:\\\/\\\/milano-sanremo.org\\\/fr\\\/?s={search_term_string}\"},\"query-input\":{\"@type\":\"PropertyValueSpecification\",\"valueRequired\":true,\"valueName\":\"search_term_string\"}}],\"inLanguage\":\"fr-FR\"}]}<\/script>\n<!-- \/ Yoast SEO plugin. -->","yoast_head_json":{"title":"Bagages | MILANO SANREMO AMATORI | MILAN SANREMO AMATEURS | 7 JUIN 2026 | SITE OFFICIEL","description":"Bagages","robots":{"index":"index","follow":"follow","max-snippet":"max-snippet:-1","max-image-preview":"max-image-preview:large","max-video-preview":"max-video-preview:-1"},"canonical":"https:\/\/milano-sanremo.org\/fr\/voyager\/transport-4\/bagages\/","og_locale":"fr_FR","og_type":"article","og_title":"Bagages | MILANO SANREMO AMATORI | MILAN SANREMO AMATEURS | 7 JUIN 2026 | SITE OFFICIEL","og_description":"Bagages","og_url":"https:\/\/milano-sanremo.org\/fr\/voyager\/transport-4\/bagages\/","og_site_name":"MILANO SANREMO AMATORI","article_modified_time":"2025-05-27T10:50:57+00:00","twitter_card":"summary_large_image","twitter_misc":{"Dur\u00e9e de lecture estim\u00e9e":"2 minutes"},"schema":{"@context":"https:\/\/schema.org","@graph":[{"@type":"WebPage","@id":"https:\/\/milano-sanremo.org\/fr\/voyager\/transport-4\/bagages\/","url":"https:\/\/milano-sanremo.org\/fr\/voyager\/transport-4\/bagages\/","name":"Bagages | MILANO SANREMO AMATORI | MILAN SANREMO AMATEURS | 7 JUIN 2026 | SITE OFFICIEL","isPartOf":{"@id":"https:\/\/milano-sanremo.org\/fr\/#website"},"datePublished":"2014-02-04T21:18:59+00:00","dateModified":"2025-05-27T10:50:57+00:00","description":"Bagages","breadcrumb":{"@id":"https:\/\/milano-sanremo.org\/fr\/voyager\/transport-4\/bagages\/#breadcrumb"},"inLanguage":"fr-FR","potentialAction":[{"@type":"ReadAction","target":["https:\/\/milano-sanremo.org\/fr\/voyager\/transport-4\/bagages\/"]}]},{"@type":"BreadcrumbList","@id":"https:\/\/milano-sanremo.org\/fr\/voyager\/transport-4\/bagages\/#breadcrumb","itemListElement":[{"@type":"ListItem","position":1,"name":"Home","item":"https:\/\/milano-sanremo.org\/fr\/"},{"@type":"ListItem","position":2,"name":"VOYAGE","item":"https:\/\/milano-sanremo.org\/fr\/viaggio\/"},{"@type":"ListItem","position":3,"name":"TRANSPORT","item":"https:\/\/milano-sanremo.org\/fr\/voyager\/transport-4\/"},{"@type":"ListItem","position":4,"name":"Bagages"}]},{"@type":"WebSite","@id":"https:\/\/milano-sanremo.org\/fr\/#website","url":"https:\/\/milano-sanremo.org\/fr\/","name":"MILANO SANREMO AMATORI","description":"MILAN SANREMO AMATEURS | 7 JUIN 2026 | SITE OFFICIEL","potentialAction":[{"@type":"SearchAction","target":{"@type":"EntryPoint","urlTemplate":"https:\/\/milano-sanremo.org\/fr\/?s={search_term_string}"},"query-input":{"@type":"PropertyValueSpecification","valueRequired":true,"valueName":"search_term_string"}}],"inLanguage":"fr-FR"}]}},"_links":{"self":[{"href":"https:\/\/milano-sanremo.org\/fr\/wp-json\/wp\/v2\/pages\/4869","targetHints":{"allow":["GET"]}}],"collection":[{"href":"https:\/\/milano-sanremo.org\/fr\/wp-json\/wp\/v2\/pages"}],"about":[{"href":"https:\/\/milano-sanremo.org\/fr\/wp-json\/wp\/v2\/types\/page"}],"author":[{"embeddable":true,"href":"https:\/\/milano-sanremo.org\/fr\/wp-json\/wp\/v2\/users\/1"}],"replies":[{"embeddable":true,"href":"https:\/\/milano-sanremo.org\/fr\/wp-json\/wp\/v2\/comments?post=4869"}],"version-history":[{"count":16,"href":"https:\/\/milano-sanremo.org\/fr\/wp-json\/wp\/v2\/pages\/4869\/revisions"}],"predecessor-version":[{"id":14720,"href":"https:\/\/milano-sanremo.org\/fr\/wp-json\/wp\/v2\/pages\/4869\/revisions\/14720"}],"up":[{"embeddable":true,"href":"https:\/\/milano-sanremo.org\/fr\/wp-json\/wp\/v2\/pages\/2602"}],"wp:attachment":[{"href":"https:\/\/milano-sanremo.org\/fr\/wp-json\/wp\/v2\/media?parent=4869"}],"curies":[{"name":"wp","href":"https:\/\/api.w.org\/{rel}","templated":true}]}}

<h2>Notre objectif est de nous charger de tous les détails du voyage, y compris le transport des bagages entre Milan et San Remo, afin que vous puissiez vous concentrer sur la compétition.</h2>
<p>L&rsquo;organisation propose un service de transport des bagages entre Milan et San Remo, avec les caractéristiques suivantes.</p>
<p>&nbsp;</p>
<div>
<table style="width: 100%;">
<thead>
<tr>
<th style="width: 25%;">Bagage</th>
<th style="width: 25%;">entre</th>
<th style="width: 25%;">et</th>
<th style="width: 25%;">Tarif</th>
</tr>
</thead>
<tbody>
<tr>
<td>Sac à dos</td>
<td>Lieu de départ (Milan<span style="font-size: inherit; font-family: inherit;">)</span></td>
<td>Palafiori (San Remo)</td>
<td style="text-align: center;">gratuit</td>
</tr>
<tr>
<td>Sac de transport de vélo vide</td>
<td>Hôtel affilié (Milan<span style="font-size: inherit; font-family: inherit;">)</span></td>
<td>Hôtel affilié (San Remo)</td>
<td style="text-align: center;">20,00 €</td>
</tr>
<tr>
<td>Valise</td>
<td>Hôtel affilié (Milan<span style="font-size: inherit; font-family: inherit;">)</span></td>
<td>Hôtel affilié (San Remo)</td>
<td style="text-align: center;">20,00 €</td>
</tr>
</tbody>
</table>
</div>
<p>&nbsp;</p>
<h4>&nbsp;</h4>
<h4>SACS À DOS ET PETITS SACS</h4>
<p>Les sacs à dos et petits sacs contenant le nécessaire pour prendre une douche ou se changer seront transportés gratuitement et devront exclusivement être apportés au bus de l&rsquo;organisation situé près du point de départ à 6h30 le dimanche.</p>
<h4>POLITIQUE DE RESERVATION</h4>
<p>Vous etes prié de lire la politique de réservation relative aux sacs et aux sacs pour vélos vides à <a href="https://milano-sanremo.org/fr/politique-de-reservation/" target="_blank" rel="noopener">cette page</a>.</p>
<h4>RESPONSABILITÉ</h4>
<p>Tout bagage voyage au risque de son propriétaire. L&rsquo;organisation ne sera pas tenue responsable des éventuels dommages ou pertes.</p>
<h4>OBJETS DE VALEUR</h4>
<p>Nous vous conseillons de ne pas mettre d&rsquo;objets de valeur, d&rsquo;argent ou de documents d&rsquo;identité dans vos sacs.</p>
<h4>ASSURANCE</h4>
<p>Si vous le souhaitez, vous pouvez contracter une assurance de voyage avec une assurance bagages supplémentaire, d&rsquo;une valeur maximum de 500, 1000 ou 1500 euros.</p>
<p>&nbsp;</p>
<div>&nbsp;</div>
<p>&nbsp;</p>

<p>Notre objectif est de nous charger de tous les détails du voyage, y compris le transport des bagages entre Milan et San Remo, afin que vous puissiez vous concentrer sur la compétition. L&rsquo;organisation propose un service de transport des bagages entre Milan et San Remo, avec les caractéristiques suivantes. &nbsp; Bagage entre et Tarif Sac [&hellip;]</p>

<!-- This site is optimized with the Yoast SEO plugin v27.4 - https://yoast.com/product/yoast-seo-wordpress/ -->
<title>Bagages | MILANO SANREMO AMATORI | MILAN SANREMO AMATEURS | 7 JUIN 2026 | SITE OFFICIEL</title>
<meta name="description" content="Bagages" />
<meta name="robots" content="index, follow, max-snippet:-1, max-image-preview:large, max-video-preview:-1" />
<link rel="canonical" href="https://milano-sanremo.org/fr/voyager/transport-4/bagages/" />
<meta property="og:locale" content="fr_FR" />
<meta property="og:type" content="article" />
<meta property="og:title" content="Bagages | MILANO SANREMO AMATORI | MILAN SANREMO AMATEURS | 7 JUIN 2026 | SITE OFFICIEL" />
<meta property="og:description" content="Bagages" />
<meta property="og:url" content="https://milano-sanremo.org/fr/voyager/transport-4/bagages/" />
<meta property="og:site_name" content="MILANO SANREMO AMATORI" />
<meta property="article:modified_time" content="2025-05-27T10:50:57+00:00" />
<meta name="twitter:card" content="summary_large_image" />
<meta name="twitter:label1" content="Durée de lecture estimée" />
	<meta name="twitter:data1" content="2 minutes" />
<script type="application/ld+json" class="yoast-schema-graph">{"@context":"https:\/\/schema.org","@graph":[{"@type":"WebPage","@id":"https:\/\/milano-sanremo.org\/fr\/voyager\/transport-4\/bagages\/","url":"https:\/\/milano-sanremo.org\/fr\/voyager\/transport-4\/bagages\/","name":"Bagages | MILANO SANREMO AMATORI | MILAN SANREMO AMATEURS | 7 JUIN 2026 | SITE OFFICIEL","isPartOf":{"@id":"https:\/\/milano-sanremo.org\/fr\/#website"},"datePublished":"2014-02-04T21:18:59+00:00","dateModified":"2025-05-27T10:50:57+00:00","description":"Bagages","breadcrumb":{"@id":"https:\/\/milano-sanremo.org\/fr\/voyager\/transport-4\/bagages\/#breadcrumb"},"inLanguage":"fr-FR","potentialAction":[{"@type":"ReadAction","target":["https:\/\/milano-sanremo.org\/fr\/voyager\/transport-4\/bagages\/"]}]},{"@type":"BreadcrumbList","@id":"https:\/\/milano-sanremo.org\/fr\/voyager\/transport-4\/bagages\/#breadcrumb","itemListElement":[{"@type":"ListItem","position":1,"name":"Home","item":"https:\/\/milano-sanremo.org\/fr\/"},{"@type":"ListItem","position":2,"name":"VOYAGE","item":"https:\/\/milano-sanremo.org\/fr\/viaggio\/"},{"@type":"ListItem","position":3,"name":"TRANSPORT","item":"https:\/\/milano-sanremo.org\/fr\/voyager\/transport-4\/"},{"@type":"ListItem","position":4,"name":"Bagages"}]},{"@type":"WebSite","@id":"https:\/\/milano-sanremo.org\/fr\/#website","url":"https:\/\/milano-sanremo.org\/fr\/","name":"MILANO SANREMO AMATORI","description":"MILAN SANREMO AMATEURS | 7 JUIN 2026 | SITE OFFICIEL","potentialAction":[{"@type":"SearchAction","target":{"@type":"EntryPoint","urlTemplate":"https:\/\/milano-sanremo.org\/fr\/?s={search_term_string}"},"query-input":{"@type":"PropertyValueSpecification","valueRequired":true,"valueName":"search_term_string"}}],"inLanguage":"fr-FR"}]}</script>
<!-- / Yoast SEO plugin. -->
